{"id":98,"date":"2020-08-28T14:13:02","date_gmt":"2020-08-28T12:13:02","guid":{"rendered":"https:\/\/www.sv-moetzingen.de\/svm\/?page_id=98"},"modified":"2024-10-04T12:49:14","modified_gmt":"2024-10-04T10:49:14","slug":"ergebnisse-tabellen","status":"publish","type":"page","link":"https:\/\/www.sv-moetzingen.de\/svm\/ergebnisse-tabellen\/","title":{"rendered":"ERGEBNISSE\/TABELLEN"},"content":{"rendered":"\n<p>Sorry liebe Fussballfreunde, fussball.de hat es mal wieder geschafft, die Einbindung der Ergebnis- und Tabellenseiten so bescheuert kompliziert zu machen, dass das ohne extreme Aufw\u00e4nde nicht zu realisieren ist.<br>Das werbungs\u00fcberfrachtete Portal Fussball.de hat es tats\u00e4chlich geschafft, seit seiner Existenz s\u00e4mtlichen Vereinsadmins das Leben schwer zu machen, in dem immer wieder bestehende Formate und Prozesse ohne Ank\u00fcndigung ge\u00e4ndert wurden. Das reicht jetzt echt.<br>Die Ergebnisse\/Tabelle der Herren gibt&#8217;s nun \u00fcber FUPA.NET &#8211; das funktioniert.<\/p>\n\n\n\n<p><div id=\"fp-widget_root-2myA0Sonrr8JbVVFjNdkXzKaeE9\"><a href=\"https:\/\/www.fupa.net\/club\/sv-moetzingen\" target=\"_blank\" rel=\"noopener\">SV M\u00f6tzingen auf FuPa<\/a><\/div>\n<script src=\"https:\/\/widget-api.fupa.net\/vendor\/widget.js?v1\"><\/script><\/p>\n","protected":false},"excerpt":{"rendered":"<p>Sorry liebe Fussballfreunde, fussball.de hat es mal wieder geschafft, die Einbindung der Ergebnis- und Tabellenseiten so bescheuert kompliziert zu machen, dass das ohne extreme Aufw\u00e4nde nicht zu realisieren ist.Das werbungs\u00fcberfrachtete Portal Fussball.de hat es tats\u00e4chlich geschafft, seit seiner Existenz s\u00e4mtlichen<\/p>\n","protected":false},"author":1,"featured_media":0,"parent":0,"menu_order":0,"comment_status":"closed","ping_status":"closed","template":"","meta":{"footnotes":""},"class_list":["post-98","page","type-page","status-publish","hentry"],"yoast_head":"<!-- This site is optimized with the Yoast SEO plugin v27.4 - https:\/\/yoast.com\/product\/yoast-seo-wordpress\/ -->\n<title>ERGEBNISSE\/TABELLEN &#8211; SV M\u00f6tzingen<\/title>\n<meta name=\"robots\" content=\"index, follow, max-snippet:-1, max-image-preview:large, max-video-preview:-1\" \/>\n<link rel=\"canonical\" href=\"https:\/\/www.sv-moetzingen.de\/svm\/ergebnisse-tabellen\/\" \/>\n<meta property=\"og:locale\" content=\"de_DE\" \/>\n<meta property=\"og:type\" content=\"article\" \/>\n<meta property=\"og:title\" content=\"ERGEBNISSE\/TABELLEN &#8211; SV M\u00f6tzingen\" \/>\n<meta property=\"og:description\" content=\"Sorry liebe Fussballfreunde, fussball.de hat es mal wieder geschafft, die Einbindung der Ergebnis- und Tabellenseiten so bescheuert kompliziert zu machen, dass das ohne extreme Aufw\u00e4nde nicht zu realisieren ist.Das werbungs\u00fcberfrachtete Portal Fussball.de hat es tats\u00e4chlich geschafft, seit seiner Existenz s\u00e4mtlichen\" \/>\n<meta property=\"og:url\" content=\"https:\/\/www.sv-moetzingen.de\/svm\/ergebnisse-tabellen\/\" \/>\n<meta property=\"og:site_name\" content=\"SV M\u00f6tzingen\" \/>\n<meta property=\"article:publisher\" content=\"https:\/\/www.facebook.com\/SV-M%c3%b6tzingen-1925-eV-1475445622769203\" \/>\n<meta property=\"article:modified_time\" content=\"2024-10-04T10:49:14+00:00\" \/>\n<meta name=\"twitter:card\" content=\"summary_large_image\" \/>\n<meta name=\"twitter:label1\" content=\"Gesch\u00e4tzte Lesezeit\" \/>\n\t<meta name=\"twitter:data1\" content=\"1\u00a0Minute\" \/>\n<script type=\"application\/ld+json\" class=\"yoast-schema-graph\">{\"@context\":\"https:\\\/\\\/schema.org\",\"@graph\":[{\"@type\":\"WebPage\",\"@id\":\"https:\\\/\\\/www.sv-moetzingen.de\\\/svm\\\/ergebnisse-tabellen\\\/\",\"url\":\"https:\\\/\\\/www.sv-moetzingen.de\\\/svm\\\/ergebnisse-tabellen\\\/\",\"name\":\"ERGEBNISSE\\\/TABELLEN &#8211; SV M\u00f6tzingen\",\"isPartOf\":{\"@id\":\"https:\\\/\\\/www.sv-moetzingen.de\\\/svm\\\/#website\"},\"datePublished\":\"2020-08-28T12:13:02+00:00\",\"dateModified\":\"2024-10-04T10:49:14+00:00\",\"breadcrumb\":{\"@id\":\"https:\\\/\\\/www.sv-moetzingen.de\\\/svm\\\/ergebnisse-tabellen\\\/#breadcrumb\"},\"inLanguage\":\"de\",\"potentialAction\":[{\"@type\":\"ReadAction\",\"target\":[\"https:\\\/\\\/www.sv-moetzingen.de\\\/svm\\\/ergebnisse-tabellen\\\/\"]}]},{\"@type\":\"BreadcrumbList\",\"@id\":\"https:\\\/\\\/www.sv-moetzingen.de\\\/svm\\\/ergebnisse-tabellen\\\/#breadcrumb\",\"itemListElement\":[{\"@type\":\"ListItem\",\"position\":1,\"name\":\"Startseite\",\"item\":\"https:\\\/\\\/www.sv-moetzingen.de\\\/svm\\\/\"},{\"@type\":\"ListItem\",\"position\":2,\"name\":\"ERGEBNISSE\\\/TABELLEN\"}]},{\"@type\":\"WebSite\",\"@id\":\"https:\\\/\\\/www.sv-moetzingen.de\\\/svm\\\/#website\",\"url\":\"https:\\\/\\\/www.sv-moetzingen.de\\\/svm\\\/\",\"name\":\"SV M\u00f6tzingen 1925 e.V.\",\"description\":\"\",\"publisher\":{\"@id\":\"https:\\\/\\\/www.sv-moetzingen.de\\\/svm\\\/#organization\"},\"potentialAction\":[{\"@type\":\"SearchAction\",\"target\":{\"@type\":\"EntryPoint\",\"urlTemplate\":\"https:\\\/\\\/www.sv-moetzingen.de\\\/svm\\\/?s={search_term_string}\"},\"query-input\":{\"@type\":\"PropertyValueSpecification\",\"valueRequired\":true,\"valueName\":\"search_term_string\"}}],\"inLanguage\":\"de\"},{\"@type\":\"Organization\",\"@id\":\"https:\\\/\\\/www.sv-moetzingen.de\\\/svm\\\/#organization\",\"name\":\"SV M\u00f6tzingen 1925 e.V.\",\"url\":\"https:\\\/\\\/www.sv-moetzingen.de\\\/svm\\\/\",\"logo\":{\"@type\":\"ImageObject\",\"inLanguage\":\"de\",\"@id\":\"https:\\\/\\\/www.sv-moetzingen.de\\\/svm\\\/#\\\/schema\\\/logo\\\/image\\\/\",\"url\":\"\",\"contentUrl\":\"\",\"caption\":\"SV M\u00f6tzingen 1925 e.V.\"},\"image\":{\"@id\":\"https:\\\/\\\/www.sv-moetzingen.de\\\/svm\\\/#\\\/schema\\\/logo\\\/image\\\/\"},\"sameAs\":[\"https:\\\/\\\/www.facebook.com\\\/SV-M\u00f6tzingen-1925-eV-1475445622769203\"]}]}<\/script>\n<!-- \/ Yoast SEO plugin. -->","yoast_head_json":{"title":"ERGEBNISSE\/TABELLEN &#8211; SV M\u00f6tzingen","robots":{"index":"index","follow":"follow","max-snippet":"max-snippet:-1","max-image-preview":"max-image-preview:large","max-video-preview":"max-video-preview:-1"},"canonical":"https:\/\/www.sv-moetzingen.de\/svm\/ergebnisse-tabellen\/","og_locale":"de_DE","og_type":"article","og_title":"ERGEBNISSE\/TABELLEN &#8211; SV M\u00f6tzingen","og_description":"Sorry liebe Fussballfreunde, fussball.de hat es mal wieder geschafft, die Einbindung der Ergebnis- und Tabellenseiten so bescheuert kompliziert zu machen, dass das ohne extreme Aufw\u00e4nde nicht zu realisieren ist.Das werbungs\u00fcberfrachtete Portal Fussball.de hat es tats\u00e4chlich geschafft, seit seiner Existenz s\u00e4mtlichen","og_url":"https:\/\/www.sv-moetzingen.de\/svm\/ergebnisse-tabellen\/","og_site_name":"SV M\u00f6tzingen","article_publisher":"https:\/\/www.facebook.com\/SV-M%c3%b6tzingen-1925-eV-1475445622769203","article_modified_time":"2024-10-04T10:49:14+00:00","twitter_card":"summary_large_image","twitter_misc":{"Gesch\u00e4tzte Lesezeit":"1\u00a0Minute"},"schema":{"@context":"https:\/\/schema.org","@graph":[{"@type":"WebPage","@id":"https:\/\/www.sv-moetzingen.de\/svm\/ergebnisse-tabellen\/","url":"https:\/\/www.sv-moetzingen.de\/svm\/ergebnisse-tabellen\/","name":"ERGEBNISSE\/TABELLEN &#8211; SV M\u00f6tzingen","isPartOf":{"@id":"https:\/\/www.sv-moetzingen.de\/svm\/#website"},"datePublished":"2020-08-28T12:13:02+00:00","dateModified":"2024-10-04T10:49:14+00:00","breadcrumb":{"@id":"https:\/\/www.sv-moetzingen.de\/svm\/ergebnisse-tabellen\/#breadcrumb"},"inLanguage":"de","potentialAction":[{"@type":"ReadAction","target":["https:\/\/www.sv-moetzingen.de\/svm\/ergebnisse-tabellen\/"]}]},{"@type":"BreadcrumbList","@id":"https:\/\/www.sv-moetzingen.de\/svm\/ergebnisse-tabellen\/#breadcrumb","itemListElement":[{"@type":"ListItem","position":1,"name":"Startseite","item":"https:\/\/www.sv-moetzingen.de\/svm\/"},{"@type":"ListItem","position":2,"name":"ERGEBNISSE\/TABELLEN"}]},{"@type":"WebSite","@id":"https:\/\/www.sv-moetzingen.de\/svm\/#website","url":"https:\/\/www.sv-moetzingen.de\/svm\/","name":"SV M\u00f6tzingen 1925 e.V.","description":"","publisher":{"@id":"https:\/\/www.sv-moetzingen.de\/svm\/#organization"},"potentialAction":[{"@type":"SearchAction","target":{"@type":"EntryPoint","urlTemplate":"https:\/\/www.sv-moetzingen.de\/svm\/?s={search_term_string}"},"query-input":{"@type":"PropertyValueSpecification","valueRequired":true,"valueName":"search_term_string"}}],"inLanguage":"de"},{"@type":"Organization","@id":"https:\/\/www.sv-moetzingen.de\/svm\/#organization","name":"SV M\u00f6tzingen 1925 e.V.","url":"https:\/\/www.sv-moetzingen.de\/svm\/","logo":{"@type":"ImageObject","inLanguage":"de","@id":"https:\/\/www.sv-moetzingen.de\/svm\/#\/schema\/logo\/image\/","url":"","contentUrl":"","caption":"SV M\u00f6tzingen 1925 e.V."},"image":{"@id":"https:\/\/www.sv-moetzingen.de\/svm\/#\/schema\/logo\/image\/"},"sameAs":["https:\/\/www.facebook.com\/SV-M\u00f6tzingen-1925-eV-1475445622769203"]}]}},"rttpg_featured_image_url":null,"rttpg_author":{"display_name":"sira","author_link":"https:\/\/www.sv-moetzingen.de\/svm\/author\/sira\/"},"rttpg_comment":0,"rttpg_category":null,"rttpg_excerpt":"Sorry liebe Fussballfreunde, fussball.de hat es mal wieder geschafft, die Einbindung der Ergebnis- und Tabellenseiten so bescheuert kompliziert zu machen, dass das ohne extreme Aufw\u00e4nde nicht zu realisieren ist.Das werbungs\u00fcberfrachtete Portal Fussball.de hat es tats\u00e4chlich geschafft, seit seiner Existenz s\u00e4mtlichen","_links":{"self":[{"href":"https:\/\/www.sv-moetzingen.de\/svm\/wp-json\/wp\/v2\/pages\/98","targetHints":{"allow":["GET"]}}],"collection":[{"href":"https:\/\/www.sv-moetzingen.de\/svm\/wp-json\/wp\/v2\/pages"}],"about":[{"href":"https:\/\/www.sv-moetzingen.de\/svm\/wp-json\/wp\/v2\/types\/page"}],"author":[{"embeddable":true,"href":"https:\/\/www.sv-moetzingen.de\/svm\/wp-json\/wp\/v2\/users\/1"}],"replies":[{"embeddable":true,"href":"https:\/\/www.sv-moetzingen.de\/svm\/wp-json\/wp\/v2\/comments?post=98"}],"version-history":[{"count":27,"href":"https:\/\/www.sv-moetzingen.de\/svm\/wp-json\/wp\/v2\/pages\/98\/revisions"}],"predecessor-version":[{"id":2257,"href":"https:\/\/www.sv-moetzingen.de\/svm\/wp-json\/wp\/v2\/pages\/98\/revisions\/2257"}],"wp:attachment":[{"href":"https:\/\/www.sv-moetzingen.de\/svm\/wp-json\/wp\/v2\/media?parent=98"}],"curies":[{"name":"wp","href":"https:\/\/api.w.org\/{rel}","templated":true}]}}